s digit of 20024435?
3
What is the ten thousands digit of 6563255?
6
What is the ten thousands digit of 13569575?
6
What is the tens digit of 630753?
5
What is the thousands digit of 1115984?
5
What is the hundred thousands digit of 158813?
1
What is the ten thousands digit of 10327?
1
What is the thousands digit of 1357896?
7
What is the hundreds digit of 187109?
1
What is the units digit of 219849?
9
What is the units digit of 4523197?
7
What is the ten thousands digit of 1500990?
0
What is the hundreds digit of 11767755?
7
What is the hundreds digit of 2395035?
0
What is the units digit of 1849957?
7
What is the units digit of 17420486?
6
What is the ten thousands digit of 3478147?
7
What is the tens digit of 2021834?
3
What is the thousands digit of 82807?
2
What is the ten thousands digit of 12086821?
8
What is the units digit of 2621987?
7
What is the thousands digit of 1772487?
2
What is the ten millions digit of 34758678?
3
What is the units digit of 2357073?
3
What is the tens digit of 35395?
9
What is the millions digit of 1620661?
1
What is the hundreds digit of 7379929?
9
What is the ten thousands digit of 34723?
3
What is the thousands digit of 3033817?
3
What is the hundreds digit of 12804505?
5
What is the hundred thousands digit of 1431306?
4
What is the thousands digit of 349532?
9
What is the hundred thousands digit of 13224566?
2
What is the ten thousands digit of 24372495?
7
What is the tens digit of 4119216?
1
What is the ten millions digit of 34654988?
3
What is the units digit of 3747544?
4
What is the units digit of 5186899?
9
What is the thousands digit of 5272208?
2
What is the hundred thousands digit of 1081062?
0
What is the ten thousands digit of 238898?
3
What is the hundred thousands digit of 12237811?
2
What is the tens digit of 12790?
9
What is the ten thousands digit of 258586?
5
What is the hundred thousands digit of 10462932?
4
What is the tens digit of 707651?
5
What is the ten thousands digit of 2019840?
1
What is the thousands digit of 561693?
1
What is the thousands digit of 97114?
7
What is the units digit of 4280519?
9
What is the ten thousands digit of 55861?
5
What is the hundreds digit of 10184236?
2
What is the hundred thousands digit of 342086?
3
What is the ten thousands digit of 161368?
6
What is the hundreds digit of 13292416?
4
What is the thousands digit of 734411?
4
What is the thousands digit of 392872?
2
What is the thousands digit of 412729?
2
What is the hundred thousands digit of 3330836?
3
What is the millions digit of 6943713?
6
What is the tens digit of 684162?
6
What is the hundreds digit of 145801?
8
What is the millions digit of 6264519?
6
What is the tens digit of 8402012?
1
What is the ten thousands digit of 11248778?
4
What is the hundred thousands digit of 158922?
1
What is the tens digit of 4004725?
2
What is the hundreds digit of 454727?
7
What is the tens digit of 95937?
3
What is the tens digit of 1388371?
7
What is the units digit of 19457584?
4
What is the hundreds digit of 377220?
2
What is the units digit of 435727?
7
What is the ten thousands digit of 361928?
6
What is the tens digit of 11246025?
2
What is the hundred thousands digit of 223771?
2
What is the tens digit of 852912?
1
What is the ten thousands digit of 3370591?
7
What is the hundred thousands digit of 1469740?
4
What is the ten thousands digit of 369946?
6
What is the tens digit of 455862?
6
What is the tens digit of 329839?
3
What is the hundreds digit of 1299316?
3
What is the ten thousands digit of 378587?
7
What is the hundreds digit of 99156?
1
What is the tens digit of 7956927?
2
What is the hundreds digit of 1152836?
8
What is the hundreds digit of 94924?
9
What is the millions digit of 1816570?
1
What is the hundred thousands digit of 1046027?
0
What is the thousands digit of 697782?
7
What is the millions digit of 2615183?
2
What is the ten thousands digit of 2194444?
9
What is the hundred thousands digit of 11387836?
3
What is the hundreds digit of 317874?
8
What is the thousands digit of 442523?
2
What is the hundred thousands digit of 1589892?
5
What is the ten thousands digit of 29375?
2
What is the thousands digit of 153486?
3
What is the tens digit of 55685?
8
What is the hundreds digit of 434940?
9
What is the thousands digit of 10398197?
8
What is the units digit of 153147?
7
What is the ten millions digit of 10757839?
1
What is the ten thousands digit of 797535?
9
What is the tens digit of 368755?
5
What is the units digit of 99680?
0
What is the thousands digit of 10699177?
9
What is the hundred thousands digit of 8394524?
3
What is the units digit of 263219?
9
What is the hundreds digit of 1982450?
4
What is the units digit of 363032?
2
What is the hundred thousands digit of 173058?
1
What is the units digit of 252091?
1
What is the ten thousands digit of 28880139?
8
What is the tens digit of 8431987?
8
What is the hundred thousands digit of 282677?
2
What is the ten thousands digit of 2692450?
9
What is the hundred thousands digit of 585198?
5
What is the tens digit of 5721606?
0
What is the ten thousands digit of 78821?
7
What is the thousands digit of 611174?
1
What is the units digit of 82347?
7
What is the tens digit of 34087902?
0
What is the hundred thousands digit of 558245?
5
What is the units digit of 17110373?
3
What is the hundreds digit of 8398026?
0
What is the ten thousands digit of 12374558?
7
What is the hundred thousands digit of 789858?
7
What is the hundred thousands digit of 395948?
3
What is the hundred thousands digit of 234937?
2
What is the hundreds digit of 949014?
0
What is the tens digit of 64580?
8
What is the tens digit of 1093765?
6
What is the hundreds digit of 2544525?
5
What is the thousands digit of 1455566?
5
What is the thousands digit of 3917409?
7
What is the hundreds digit of 7477804?
8
What is the units digit of 26755237?
7
What is the ten thousands digit of 1553924?
5
What is the units digit of 8119187?
7
What is the hundred thousands digit of 27895506?
8
What is the tens digit of 2259095?
9
What is the thousands digit of 12751309?
1
What is the thousands digit of 269859?
9
What is the ten thousands digit of 1851824?
5
What is the hundred thousands digit of 627626?
6
What is the hundred thousands digit of 19213673?
2
What is the millions digit of 7190939?
7
What is the tens digit of 5375987?
8
What is the units digit of 1025965?
5
What is the hundreds digit of 446144?
1
What is the thousands digit of 333607?
3
What is the ten thousands digit of 440683?
4
What is the thousands digit of 3234022?
4
What is the ten thousands digit of 653663?
5
What is the hundred thousands digit of 298738?
2
What is the thousands digit of 2198429?
8
What is the hundreds digit of 20864276?
2
What is the units digit of 5056090?
0
What is the tens digit of 15464885?
8
What is the ten thousands digit of 107402?
0
What is the hundreds digit of 212903?
9
What is the units digit of 491438?
8
What is the hundred thousands digit of 18655773?
6
What is the tens digit of 340543?
4
What is the thousands digit of 7722568?
2
What is the hundreds digit of 419128?
1
What is the units digit of 158885?
5
What is the tens digit of 1518247?
4
What is the hundreds digit of 252000?
0
What is the ten thousands digit of 111873?
1
What is the thousands digit of 9329070?
9
What is the hundreds digit of 56559?
5
What is the tens digit of 289592?
9
What is the units digit of 1256774?
4
What is the hundred thousands digit of 2867797?
8
What is the units digit of 40626159?
9
What is the hundred thousands digit of 314862?
3
What is the thousands digit of 1781222?
1
What is the millions digit of 2951943?
2
What is the thousands digit of 806807?
6
What is the hundred thousands digit of 510471?
5
What is the millions digit of 11338665?
1
What is the hundreds digit of 3115707?
7
What is the hundred thousands digit of 595113?
5
What is the tens digit of 312774?
7
What is the ten thousands digit of 8621408?
2
What is the hundreds digit of 175379?
3
What is the hundreds digit of 14605519?
5
What is the millions digit of 4101136?
4
What is the ten thousands digit of 918372?
1
What is the thousands digit of 303638?
3
What is the hundreds digit of 1661519?
5
What is the tens digit of 58734?
3
What i